test common divisor of 7613 and 1655?
331
What is the highest common divisor of 848 and 901?
53
What is the greatest common divisor of 624 and 13?
13
Calculate the greatest common divisor of 63 and 3717.
63
What is the highest common divisor of 62 and 7006?
62
Calculate the highest common divisor of 357 and 105.
21
Calculate the greatest common divisor of 245 and 2989.
49
Calculate the highest common divisor of 2028 and 52.
52
Calculate the highest common divisor of 196 and 7.
7
What is the greatest common factor of 322 and 14?
14
Calculate the greatest common divisor of 19 and 950.
19
What is the highest common factor of 5112 and 216?
72
What is the greatest common divisor of 289 and 1683?
17
Calculate the highest common divisor of 36 and 27.
9
What is the greatest common divisor of 1036 and 112?
28
What is the greatest common factor of 3 and 167?
1
What is the greatest common divisor of 112 and 36?
4
Calculate the greatest common factor of 140 and 40.
20
Calculate the highest common factor of 19 and 1216.
19
What is the highest common factor of 98 and 16954?
98
What is the greatest common factor of 2106 and 126?
18
Calculate the greatest common divisor of 176 and 451.
11
What is the greatest common factor of 123 and 1681?
41
What is the greatest common divisor of 105 and 5180?
35
What is the greatest common divisor of 27 and 90?
9
Calculate the highest common factor of 615 and 369.
123
What is the greatest common divisor of 39 and 117?
39
What is the highest common factor of 2623 and 215?
43
Calculate the highest common factor of 1045 and 19.
19
Calculate the highest common factor of 456 and 96.
24
What is the greatest common divisor of 5698 and 14?
14
What is the highest common divisor of 6 and 26808?
6
What is the highest common factor of 2363 and 68?
17
Calculate the greatest common factor of 320 and 100.
20
Calculate the highest common factor of 5597 and 116.
29
What is the greatest common factor of 70 and 126?
14
What is the highest common divisor of 1101 and 29360?
367
Calculate the highest common factor of 1155 and 4125.
165
What is the greatest common divisor of 63 and 765?
9
Calculate the greatest common divisor of 1372 and 56.
28
Calculate the greatest common divisor of 12 and 4098.
6
What is the highest common factor of 222 and 1221?
111
Calculate the highest common divisor of 247 and 30875.
247
What is the greatest common factor of 477 and 27?
9
Calculate the greatest common divisor of 34895 and 35.
35
Calculate the greatest common factor of 5773 and 46.
23
Calculate the highest common divisor of 6144 and 96.
96
What is the highest common divisor of 215 and 5203?
43
Calculate the highest common divisor of 108 and 228.
12
What is the highest common factor of 1259 and 2?
1
Calculate the greatest common divisor of 575 and 805.
115
What is the greatest common factor of 6 and 186?
6
What is the greatest common factor of 688 and 43?
43
Calculate the greatest common factor of 8602 and 11.
11
What is the greatest common divisor of 1887 and 111?
111
What is the greatest common factor of 28 and 1372?
28
What is the greatest common factor of 1628 and 748?
44
Calculate the highest common factor of 38 and 1216.
38
Calculate the greatest common divisor of 320 and 10.
10
What is the greatest common factor of 12 and 132?
12
Calculate the highest common divisor of 1770 and 660.
30
Calculate the highest common factor of 24 and 78.
6
What is the greatest common factor of 176 and 220?
44
Calculate the greatest common factor of 213 and 497.
71
Calculate the highest common factor of 6474 and 117.
39
Calculate the greatest common factor of 43 and 516.
43
Calculate the greatest common divisor of 840 and 40.
40
Calculate the highest common divisor of 195 and 30.
15
Calculate the greatest common factor of 717 and 3.
3
What is the greatest common factor of 117 and 63?
9
Calculate the greatest common divisor of 48 and 328.
8
Calculate the highest common divisor of 1367 and 2.
1
What is the greatest common factor of 636 and 12?
12
What is the greatest common factor of 414 and 12?
6
Calculate the highest common divisor of 528 and 6192.
48
What is the greatest common factor of 47 and 5?
1
What is the greatest common factor of 116 and 3?
1
What is the highest common factor of 1376 and 129?
43
What is the greatest common factor of 25 and 3425?
25
What is the highest common divisor of 1639 and 298?
149
What is the highest common factor of 34 and 10642?
34
What is the greatest common factor of 5518 and 62?
62
Calculate the greatest common divisor of 112 and 20.
4
What is the highest common divisor of 448 and 21?
7
Calculate the greatest common factor of 76 and 133.
19
What is the greatest common divisor of 25 and 325?
25
Calculate the greatest common factor of 55 and 275.
55
What is the greatest common divisor of 1935 and 45?
45
Calculate the greatest common divisor of 33 and 2189.
11
Calculate the greatest common factor of 792 and 16.
8
Calculate the greatest common divisor of 106 and 2.
2
What is the highest common divisor of 38 and 2318?
38
Calculate the greatest common factor of 24 and 1192.
8
Calculate the greatest common divisor of 1392 and 48.
48
Calculate the greatest common factor of 8 and 704.
8
What is the highest common divisor of 169 and 325?
13
What is the highest common factor of 297 and 3?
3
Calculate the highest common factor of 105 and 35.
35
What is the greatest common factor of 104 and 72?
8
What is the greatest common divisor of 1617 and 33?
33
Calculate the highest common factor of 35 and 63.
7
What is the greatest common divisor of 330 and 215?
5
What is the greatest common factor of 697 and 410?
41
What is the highest common divisor of 129 and 473?
43
What is the greatest common divisor of 42 and 6?
6
What is the highest common factor of 67 and 38257?
67
What is the greatest common factor of 345 and 60?
15
Calculate the greatest common divisor of 3102 and 3300.
66
What is the highest common factor of 14 and 2408?
14
What is the greatest common factor of 938 and 28?
14
What is the greatest common factor of 380 and 76?
76
Calculate the greatest common factor of 3136 and 294.
98
What is the greatest common divisor of 66 and 5874?
66
What is the greatest common factor of 18954 and 13?
13
Calculate the highest common divisor of 55 and 1265.
55
Calculate the greatest common divisor of 100 and 125.
25
Calculate the greatest common factor of 2 and 4808.
2
Calculate the greatest common divisor of 344 and 560.
8
Calculate the greatest common divisor of 6 and 114.
6
Calculate the highest common divisor of 72 and 612.
36
Calculate the greatest common factor of 130 and 8320.
130
Calculate the greatest common factor of 1140 and 304.
76
What is the greatest common divisor of 8 and 4232?
8
What is the highest common divisor of 118 and 1062?
118
What is the highest common divisor of 25 and 6025?
25
What is the greatest common divisor of 270 and 108?
54
What is the highest common divisor of 273 and 63?
21
Calculate the greatest common divisor of 25 and 8725.
25
What is the greatest common factor of 5735 and 217?
31
What is the highest common divisor of 10 and 10?
10
Calculate the greatest common divisor of 11 and 297.
11
Calculate the highest common divisor of 7460 and 20.
20
Calculate the highest common factor of 35 and 12635.
35
What is the highest common factor of 1368 and 969?
57
Calculate the greatest common factor of 35 and 1225.
35
Calculate the greatest common factor of 228 and 1995.
57
What is the highest common factor of 31 and 8587?
31
Calculate the highest common factor of 130 and 13546.
26
What is the highest common factor of 24408 and 108?
108
What is the greatest common divisor of 12 and 2718?
6
Calculate the greatest common divisor of 150 and 375.
75
What is the highest common factor of 34 and 6?
2
What is the highest common divisor of 12 and 156?
12
Calculate the highest common factor of 6 and 486.
6
Calculate the greatest common factor of 553 and 79.
79
What is the greatest common factor of 360 and 936?
72
Calculate the greatest common divisor of 40 and 544.
8
Calculate the highest common divisor of 120 and 5420.
20
What is the greatest common divisor of 85 and 4165?
85
What is the greatest common divisor of 69 and 529?
23
What is the 